the prime factors of 6323?
6323
List the prime factors of 1978.
2, 23, 43
List the prime factors of 42835.
5, 13, 659
List the prime factors of 3146.
2, 11, 13
What are the prime factors of 16860?
2, 3, 5, 281
What are the prime factors of 117?
3, 13
List the prime factors of 1610.
2, 5, 7, 23
List the prime factors of 15.
3, 5
List the prime factors of 4047.
3, 19, 71
What are the prime factors of 1517?
37, 41
What are the prime factors of 987?
3, 7, 47
What are the prime factors of 79075?
5, 3163
List the prime factors of 2389.
2389
List the prime factors of 1189.
29, 41
What are the prime factors of 17983?
7, 367
List the prime factors of 2105.
5, 421
What are the prime factors of 358?
2, 179
What are the prime factors of 8973?
3, 997
List the prime factors of 236.
2, 59
List the prime factors of 16096.
2, 503
List the prime factors of 43720.
2, 5, 1093
What are the prime factors of 75295?
5, 11, 37
List the prime factors of 42.
2, 3, 7
What are the prime factors of 639?
3, 71
List the prime factors of 9274.
2, 4637
List the prime factors of 1408.
2, 11
List the prime factors of 10859.
10859
List the prime factors of 37104.
2, 3, 773
What are the prime factors of 40173?
3, 7, 1913
What are the prime factors of 6579?
3, 17, 43
What are the prime factors of 1417?
13, 109
List the prime factors of 5.
5
List the prime factors of 1993.
1993
What are the prime factors of 17275?
5, 691
What are the prime factors of 26826?
2, 3, 17, 263
List the prime factors of 10435.
5, 2087
List the prime factors of 1947.
3, 11, 59
What are the prime factors of 2910?
2, 3, 5, 97
List the prime factors of 28895.
5, 5779
What are the prime factors of 289?
17
What are the prime factors of 1236?
2, 3, 103
List the prime factors of 12383.
7, 29, 61
List the prime factors of 2029.
2029
List the prime factors of 11113.
11113
What are the prime factors of 2611?
7, 373
What are the prime factors of 1968?
2, 3, 41
What are the prime factors of 20038?
2, 43, 233
List the prime factors of 527.
17, 31
What are the prime factors of 3427?
23, 149
List the prime factors of 801.
3, 89
What are the prime factors of 593?
593
List the prime factors of 55270.
2, 5, 5527
List the prime factors of 1493.
1493
What are the prime factors of 11075?
5, 443
List the prime factors of 44455.
5, 17, 523
What are the prime factors of 48769?
7, 6967
List the prime factors of 423.
3, 47
What are the prime factors of 980?
2, 5, 7
List the prime factors of 90881.
7, 12983
List the prime factors of 286.
2, 11, 13
What are the prime factors of 2614?
2, 1307
What are the prime factors of 300?
2, 3, 5
What are the prime factors of 678?
2, 3, 113
List the prime factors of 3104.
2, 97
List the prime factors of 41788.
2, 31, 337
List the prime factors of 5747.
7, 821
What are the prime factors of 147043?
13, 11311
List the prime factors of 17299.
17299
What are the prime factors of 15948?
2, 3, 443
What are the prime factors of 73204?
2, 18301
What are the prime factors of 2735?
5, 547
List the prime factors of 56216.
2, 7027
List the prime factors of 11219.
13, 863
What are the prime factors of 36094?
2, 18047
What are the prime factors of 1505?
5, 7, 43
List the prime factors of 32983.
32983
What are the prime factors of 2460?
2, 3, 5, 41
List the prime factors of 3207.
3, 1069
What are the prime factors of 19247?
19, 1013
What are the prime factors of 20585?
5, 23, 179
List the prime factors of 2162.
2, 23, 47
List the prime factors of 56.
2, 7
What are the prime factors of 10131?
3, 11, 307
What are the prime factors of 19629?
3, 727
What are the prime factors of 7323?
3, 2441
List the prime factors of 598.
2, 13, 23
List the prime factors of 9068.
2, 2267
List the prime factors of 44789.
44789
What are the prime factors of 65462?
2, 71, 461
List the prime factors of 5359.
23, 233
List the prime factors of 31163.
11, 2833
What are the prime factors of 34770?
2, 3, 5, 19, 61
List the prime factors of 1449.
3, 7, 23
List the prime factors of 59352.
2, 3, 2473
What are the prime factors of 871?
13, 67
List the prime factors of 5770.
2, 5, 577
List the prime factors of 2206.
2, 1103
List the prime factors of 2841.
3, 947
List the prime factors of 7351.
7351
What are the prime factors of 1746?
2, 3, 97
What are the prime factors of 7168?
2, 7
What are the prime factors of 88152?
2, 3, 3673
What are the prime factors of 11683?
7, 1669
What are the prime factors of 7019?
7019
List the prime factors of 1231.
1231
What are the prime factors of 2872?
2, 359
What are the prime factors of 922?
2, 461
What are the prime factors of 12432?
2, 3, 7, 37
What are the prime factors of 3925?
5, 157
What are the prime factors of 1113?
3, 7, 53
List the prime factors of 16238.
2, 23, 353
What are the prime factors of 55452?
2, 3, 4621
List the prime factors of 2129.
2129
What are the prime factors of 1717?
17, 101
What are the prime factors of 33080?
2, 5, 827
What are the prime factors of 9451?
13, 727
What are the prime factors of 7420?
2, 5, 7, 53
List the prime factors of 25280.
2, 5, 79
List the prime factors of 1982.
2, 991
What are the prime factors of 3477?
3, 19, 61
What are the prime factors of 330?
2, 3, 5, 11
What are the prime factors of 42983?
53, 811
List the prime factors of 12251.
12251
List the prime factors of 38324.
2, 11, 13, 67
What are the prime factors of 73?
73
What are the prime factors of 66290?
2, 5, 7, 947
What are the prime factors of 868?
2, 7, 31
What are the prime factors of 16928?
2, 23
List the prime factors of 26544.
2, 3, 7, 79
List the prime factors of 1257.
3, 419
What are the prime factors of 1580?
2, 5, 79
List the prime factors of 1206.
2, 3, 67
What are the prime factors of 344?
2, 43
List the prime factors of 40237.
40237
List the prime factors of 5917.
61, 97
What are the prime factors of 28227?
3, 97
What are the prime factors of 593?
593
What are the prime factors of 20413?
137, 149
What are the prime factors of 6554?
2, 29, 113
What are the prime factors of 50754?
2, 3, 11, 769
What are the prime factors of 1694?
2, 7, 11
What are the prime factors of 1197?
3, 7, 19
What are the prime factors of 1863?
3, 23
List the prime factors of 19403.
19403
List the prime factors of 1857.
3, 619
What are the prime factors of 54930?
2, 3, 5, 1831
List the prime factors of 675.
3, 5
List the prime factors of 127639.
109, 1171
What are the prime factors of 37788?
2, 3, 47, 67
What are the prime factors of 40955?
5, 8191
List the prime factors of 122.
2, 61
What are the prime factors of 10811?
19, 569
List the prime factors of 1692.
2, 3, 47
What are the prime factors of 25775?
5, 1031
List the prime factors of 3551.
53, 67
List the prime factors of 651.
3, 7, 31
List the prime factors of 654.
2, 3, 109
List the prime factors of 1421.
7, 29
What are the prime factors of 8228?
2, 11, 17
List the prime factors of 46685.
5, 9337
List the prime factors of 288.
2, 3
List the prime factors of 39027.
3, 13009
List the prime factors of 24346.
2, 7, 37, 47
List the prime factors of 8157.
3, 2719
What are the prime factors of 696?
2, 3, 29
What are the prime factors of 858?
2, 3, 11, 13
List the prime factors of 49.
7
List the prime factors of 524.
2, 131
List the prime factors of 48037.
11, 397
List the prime factors of 19393.
11, 41, 43
List the prime factors of 379.
379
What are the prime factors of 1101?
3, 367
List the prime factors of 14094.
2, 3, 29
What are the prime factors of 177?
3, 59
What are the prime factors of 160722?
2, 3, 8929
What are the prime factors of 3237?
3, 13, 83
List the prime factors of 4837.
7, 691
What are the prime factors of 42719?
42719
What are the prime factors of 8231?
8231
What are the prime factors of 6935?
5, 19, 73
List the prime factors of 61621.
7, 8803
List the prime factors of 58198.
2, 7, 4157
What are the prime factors of 1250?
2, 5
What are the prime factors of 2229?
3, 743
List the prime factors of 1833.
3, 13, 47
List the prime factors of 896.
2, 7
What are the prime factors of 854?
2, 7, 61
List the prime factors of 19538.
2, 9769
What are the prime factors of 83882?
2, 41941
List the prime factors of 9993.
3, 3331
What are the prime factors of 40155?
3, 5, 2677
List the prime factors of 9335.
5, 1867
List the prime factors of 113057.
7, 31, 521
